8. Let s be t(i). Calculate the highest common factor of 85 and s.
17
Suppose 5*z = -4*y + 49, -z + 56 = 5*y - 0*y. Let a = 84 - -15. Calculate the highest common divisor of a and y.
11
Let m(f) = f**3 - 9*f**2 + f - 3. Let o be m(9). Suppose h = 2*c - h - o, 0 = -h - 3. Suppose -50 = -c*q - q. What is the highest common divisor of 10 and q?
10
Suppose r + 3*f - 11 = 0, 0*f - 36 = -2*r + f. Suppose 5*n - 4*n = r. Let o be (-5 - -19)/(-7) + 19. What is the highest common divisor of n and o?
17
Let y(a) = -11 - a**3 - 4*a + 5 + 8*a**2 - 7. Let r be y(7). Calculate the greatest common divisor of r and 2.
2
Suppose 3*k = -2*p + 112, -3*k - 2*p + 118 = 3*p. What is the greatest common divisor of k and 4?
4
Let h be (-319)/(-22) + 12/(-8). Calculate the greatest common divisor of 117 and h.
13
Let g(t) = -t**2 - 8*t - 5. Let i be g(-6). Suppose 26*r + 275 = 914 + 271. What is the greatest common divisor of i and r?
7
Let n(m) = 22*m**2 - 10*m + 20. Let s be n(2). Calculate the highest common divisor of 8 and s.
8
Let j = 1619 + -1592. Let t be 10/(-8) - (-2)/8. Let l = 2 - t. Calculate the greatest common factor of l and j.
3
Let m(o) = -5*o + 5. Let t be m(0). Let d be 20/(0 - (-2)/t). What is the highest common factor of 20 and d?
10
Let o(s) = -s**3 - 5*s**2 - 12*s - 8. Let z be o(-5). What is the highest common factor of z and 416?
52
Let i = -55 + 91. Let l = -17 - -94. Suppose p + h - 53 = 0, l = 2*p + 5*h - 26. What is the highest common factor of p and i?
18
Let v be 15 + (-3 - (6 + -4)). What is the greatest common factor of v and 170?
10
Let x(r) = 38*r + 12. Let b be x(3). Let t be 107/5 + 4/(-10). What is the greatest common factor of b and t?
21
Let c = -51 + 84. Let o = 35 - c. What is the highest common divisor of 2 and o?
2
Let f be 2 + 4 - (6 + -630 + -8). Calculate the greatest common divisor of 174 and f.
58
Suppose -7*l + 3819 = 1236. What is the greatest common factor of l and 41?
41
Suppose -22 - 18 = -4*v. Suppose 5*y + 2 + 3 = u, 0 = 2*u + y - v. What is the highest common divisor of 15 and u?
5
Suppose -3*z = -3*o + 768, -22*o - 5*z = -21*o - 256. Calculate the highest common divisor of 16 and o.
16
Let s be ((-238)/49)/(3/(-21)). Let m = s - 11. Calculate the greatest common divisor of 115 and m.
23
Let z(k) = k**2 + 9*k + 3. Suppose -3*v + 4*v + 9 = 0. Let c be z(v). Suppose 4*h = 3*h + 12. Calculate the highest common divisor of c and h.
3
Let x = 2786 + -2779. Calculate the greatest common factor of x and 1351.
7
Suppose d + 11 = -8. Let u = -29 - d. Let m = 15 + u. What is the greatest common factor of 40 and m?
5
Let k(z) = -z**3 + 3*z**2 + 3*z. Let q be k(4). Let x(c) = c**2 + c + 5. Let b be x(q). Calculate the greatest common factor of b and 68.
17
Let n = 40 - 22. Let x(d) = -d**2 + d + 18. Let s be x(0). Calculate the highest common factor of s and n.
18
Suppose w = -a - 0 + 3, 3*a - 10 = -4*w. Let l be (-1 - (-35)/3)/(a/3). Calculate the greatest common divisor of 64 and l.
16
Let k(r) = -r - 4. Let l be k(-8). What is the highest common divisor of 1 and l?
1
Let o(v) = 4*v + 11. Let h be o(-8). Let c = -16 - h. Suppose 3*d + 90 = c*i - i, -2*d + 76 = 3*i. What is the highest common divisor of i and 16?
8
Let i be (-14)/(-105) - 10614/(-45). Calculate the greatest common divisor of 8 and i.
4
Let h(o) = o**3 + 6*o**2 - 9*o + 6. Let p be h(-7). Suppose -5*v + 140 = p. Let u be 5 - 8 - (-3 - 6/2). Calculate the greatest common divisor of v and u.
3
Let o = -25 + 17. Let y(b) = -4*b - 26. Let m be y(o). Suppose 2*f + 10 = 7*f, -f - 43 = -3*w. Calculate the greatest common divisor of w and m.
3
Let n = 8 + -7. Let g(f) = -f**2 + 4 - n + 1 - 1 - 8*f. Let o be g(-7). What is the highest common divisor of o and 15?
5
Let q be (3 - 3 - -3) + 1. Suppose -q*h - 190 = -6*h. Let i = 16 + 3. What is the highest common divisor of h and i?
19
Let c(b) = -b**2 + 10*b - 9. Let a be c(6). Let j be (-18)/(-54) - (-44)/3. Calculate the greatest common factor of a and j.
15
Suppose 0*n = -2*n + 72. Suppose 54*b + 77*b - 3168 = -b. Calculate the highest common factor of b and n.
12
Let q = 131 + -93. Calculate the highest common divisor of 19 and q.
19
Let t be 4/6 - 511/(-21). Suppose 3*o - 2*o = -2*w - 9, 0 = 5*o - t. Let k = 7 - w. What is the greatest common factor of k and 112?
14
Suppose -215*m + 208*m = -252. Calculate the greatest common factor of m and 192.
12
Let o be (-1)/((-3)/6 + 0). Let l = o + -4. Let i be ((-35)/(-10))/((-1)/l). What is the greatest common factor of 49 and i?
7
Let x(j) = 982*j**2 + 4*j + 2. Let u be x(-1). Calculate the highest common divisor of u and 20.
20
Suppose 0*a + 4*a - 46 = -k, 3*a - 145 = -4*k. What is the highest common factor of k and 2?
2
Suppose -7*k = -5*k - 4. Suppose 0 = -y - k*y + 30. Calculate the highest common factor of 80 and y.
10
Let s be (-195)/20 + (-2)/8. Let h be 32/10*s/(-4). Let q(n) = 3*n + 5. Let z be q(5). What is the highest common divisor of z and h?
4
Let n be 9 - (1 + (0 - 0)). Let q(t) = 13*t + 4. Let a be q(-4). Let z = -36 - a. Calculate the greatest common divisor of z and n.
4
Suppose 384 - 72 = 6*a. What is the greatest common factor of 4 and a?
4
Let o(i) = -2*i**2 + 19*i - 23. Let n be o(7). Calculate the greatest common divisor of n and 3072.
12
Let p(f) = f**3 + 2*f**2 - 6*f - 3. Let o be p(-4). Let h = -7 - o. Suppose h*u - 80 = -24. What is the greatest common divisor of u and 14?
14
Suppose 3*s = t - 7 - 8, 2*s = -2*t - 2. Suppose -2*v = 3*a - 1 - 11, -a + 15 = -t*v. Calculate the highest common factor of a and 24.
6
Let w be (24 + (-3)/(-2)*-2)*4. Calculate the highest common divisor of 42 and w.
42
Let z be (-24)/(-18)*(-3)/(-2). Suppose 29 = 4*c - x, -3*c - 6*x = -z*x + 2. What is the highest common divisor of 102 and c?
6
Let o be (-392)/(-15) + 82/(-615). What is the greatest common divisor of 65 and o?
13
Suppose 160 = 24*g - 464. What is the highest common divisor of 78 and g?
26
Suppose 0 = 2*k - 14 - 18. Let f(t) = 2*t**2 - 31*t + 14. Let y be f(k). Calculate the highest common divisor of 330 and y.
30
Let y(l) = -l**3 + 15*l**2 + 14*l + 52. Let w be y(16). Calculate the greatest common divisor of 50 and w.
10
Let y = -700 - -702. Suppose 3*w - 4*z = -5*z + 18, -4*w + 3*z + 11 = 0. What is the greatest common divisor of y and w?
1
Let g(t) = -2*t**2 + 14*t + 2. Let i be g(6). Suppose 7 = -4*v + 5*q + i, -q = v - 13. What is the greatest common factor of 40 and v?
8
Let h = -47 + 92. Let m be (-1*(-45)/(-6))/((-8)/16). Calculate the greatest common factor of m and h.
15
Suppose -m - n + 2317 = 107, -4*n = -3*m + 6658. Calculate the greatest common divisor of 82 and m.
82
Let p(u) = u**3 + 15*u**2 + 2. Let r be p(-15). Suppose t - 59 = -3*i + 28, 4*i - 172 = -r*t. What is the greatest common divisor of 210 and t?
42
Let u be (-142)/(-10) + (-16)/160*2. Calculate the greatest common factor of u and 49.
7
Suppose 4*f + 528 - 1548 = 0. Suppose -4*j + 219 = 5*o, 42*j - o = 40*j + 99. What is the greatest common divisor of f and j?
51
Suppose 2*s = s. Suppose s = -z + 78 - 13. Let l = 43 - 30. What is the greatest common factor of l and z?
13
Let g = -33 - -29. Let p be 64/(-24)*45/g. What is the highest common factor of 75 and p?
15
Suppose 0 = r - 2*r + 4. Let g(y) = y**3 + 7*y**2 - 20*y - 114. Let z be g(-5). Calculate the greatest common divisor of z and r.
4
Let v be ((-4)/(-6))/((-546)/(-108) + -5). Calculate the greatest common divisor of 32 and v.
4
Let y = -225 + 229. What is the highest common divisor of y and 288?
4
Suppose 0 = 21*d + 44*d - 845. What is the greatest common divisor of d and 325?
13
Let i be (26/(-6))/(2/(-6)). Let h be 52/(-234) + (-6566)/(-63). What is the greatest common factor of h and i?
13
Let m(p) = -4*p + 90. Let b be m(12). Calculate the highest common factor of b and 24.
6
Suppose -2*o + 5*d + 62 = 0, 32 = o - 0*o - 2*d. Suppose 40*v = o*v + 340. What is the highest common divisor of v and 34?
17
Let n(x) = 2*x + 4. Let h be n(8). Let u = h + 127. Let q be 2*-1 + 46/2. Calculate the greatest common factor of q and u.
21
Suppose -12*f + f + 616 = 0. Calculate the highest common factor of 7 and f.
7
Suppose 2*d = 8*z - 3*z - 326, -4*z - 4*d + 244 = 0. What is the greatest common factor of z and 32?
32
Let c = -